What is the highest common factor of 93540 and 52?
4
Calculate the highest common factor of 6177 and 97179.
87
Calculate the greatest common factor of 143 and 88957.
11
What is the greatest common divisor of 1624 and 5075?
203
What is the highest common factor of 156947 and 343?
49
What is the greatest common factor of 42200 and 53805?
1055
What is the highest common factor of 44 and 123?
1
What is the greatest common divisor of 1258 and 1292?
34
Calculate the greatest common divisor of 12673 and 20938.
551
What is the greatest common factor of 53 and 2420881?
53
What is the greatest common factor of 62800 and 600?
200
Calculate the greatest common divisor of 32 and 904.
8
Calculate the greatest common divisor of 385 and 3595.
5
What is the highest common factor of 7180548 and 12?
12
What is the highest common factor of 103871 and 1205?
241
Calculate the highest common factor of 1257 and 13408.
419
What is the greatest common factor of 588 and 21048?
12
What is the highest common divisor of 1504 and 36002?
94
Calculate the greatest common factor of 110376 and 56210.
1022
What is the highest common factor of 2009 and 5125?
41
What is the greatest common factor of 60 and 2076?
12
What is the highest common factor of 40619 and 151?
151
What is the greatest common divisor of 19188 and 936?
468
Calculate the greatest common divisor of 1314 and 4878.
18
What is the highest common factor of 1129735 and 85?
85
Calculate the highest common factor of 137 and 506489.
137
Calculate the greatest common divisor of 772 and 1.
1
Calculate the highest common factor of 289 and 2650997.
289
Calculate the highest common factor of 132 and 16423.
11
What is the greatest common factor of 2 and 709454?
2
What is the greatest common factor of 550 and 125840?
110
Calculate the highest common divisor of 54605 and 41540.
335
What is the greatest common divisor of 32 and 151568?
16
What is the highest common divisor of 2280 and 342190?
190
What is the highest common factor of 640 and 21920?
160
Calculate the highest common divisor of 41925 and 465.
15
What is the highest common factor of 638979 and 825?
33
What is the greatest common divisor of 40 and 53110?
10
What is the highest common divisor of 70218 and 470?
94
What is the highest common divisor of 12 and 5759196?
12
Calculate the highest common factor of 325 and 1175.
25
Calculate the greatest common factor of 2022109 and 212.
53
What is the highest common divisor of 881250 and 3102?
282
What is the highest common factor of 230 and 6302?
46
What is the highest common divisor of 205 and 1047181?
41
What is the greatest common divisor of 84 and 75984?
12
What is the highest common divisor of 8756 and 29452?
796
What is the highest common divisor of 530 and 1990?
10
Calculate the greatest common divisor of 329 and 4982.
47
What is the highest common factor of 264 and 19668?
132
What is the highest common divisor of 38055 and 13115?
215
What is the greatest common divisor of 1938 and 171798?
114
What is the greatest common divisor of 2922 and 120?
6
What is the highest common divisor of 14 and 149191?
7
Calculate the greatest common divisor of 60129 and 34884.
459
What is the highest common factor of 1184 and 159026?
74
Calculate the greatest common factor of 1584 and 314856.
72
Calculate the highest common divisor of 3924 and 15228.
36
Calculate the greatest common divisor of 3150165 and 30.
15
Calculate the greatest common factor of 56 and 4504.
8
What is the greatest common factor of 147 and 40698?
21
Calculate the highest common divisor of 33 and 12840267.
33
What is the highest common factor of 3818 and 11043565?
1909
Calculate the highest common factor of 1698 and 25187.
283
What is the greatest common factor of 36265 and 85?
5
Calculate the highest common divisor of 979968 and 1595.
319
Calculate the greatest common divisor of 3516 and 300.
12
What is the greatest common factor of 367 and 191207?
367
What is the highest common factor of 496110 and 95?
5
Calculate the greatest common factor of 159186 and 258.
258
What is the highest common divisor of 75 and 6009?
3
What is the greatest common divisor of 575 and 54400?
25
Calculate the highest common divisor of 8592 and 21432.
24
Calculate the greatest common divisor of 1771 and 205367.
23
Calculate the greatest common factor of 54 and 234.
18
What is the highest common factor of 550977 and 189?
21
What is the greatest common factor of 9919 and 1199?
109
What is the greatest common factor of 77012 and 26?
26
Calculate the greatest common factor of 444861 and 225.
9
Calculate the greatest common divisor of 70011 and 1161.
27
Calculate the greatest common factor of 21419 and 9.
1
What is the greatest common divisor of 75936 and 1056?
96
What is the highest common divisor of 281840 and 16?
16
Calculate the highest common factor of 92 and 688804.
92
Calculate the greatest common divisor of 3207 and 75.
3
What is the highest common divisor of 27 and 414?
9
What is the greatest common divisor of 36 and 15693780?
12
What is the greatest common divisor of 2880 and 25020?
180
Calculate the greatest common factor of 992 and 1674.
62
Calculate the highest common factor of 162 and 342.
18
Calculate the highest common factor of 18324 and 5196.
12
Calculate the greatest common factor of 66 and 117843.
33
Calculate the highest common divisor of 157033 and 11367.
421
Calculate the greatest common divisor of 299 and 559.
13
What is the highest common divisor of 272 and 695368?
136
Calculate the greatest common factor of 3947737 and 61.
61
Calculate the greatest common factor of 332864 and 224.
224
What is the greatest common divisor of 18904 and 695?
139
Calculate the greatest common factor of 7 and 313131.
7
What is the highest common divisor of 7525 and 158900?
175
Calculate the highest common divisor of 1794 and 13110.
138
Calculate the greatest common factor of 1040 and 46960.
80
What is the highest common factor of 26 and 426439?
13
Calculate the greatest common factor of 42 and 23163.
21
Calculate the highest common divisor of 722469 and 99.
33
Calculate the greatest common divisor of 3906 and 2016.
126
Calculate the highest common divisor of 109242 and 30056.
578
Calculate the highest common factor of 21 and 15519.
21
What is the highest common divisor of 23994 and 196974?
558
Calculate the greatest common factor of 78 and 11518338.
78
What is the highest common factor of 163145 and 5695?
335
Calculate the highest common factor of 36990 and 360.
90
What is the greatest common divisor of 8820 and 24150?
210
Calculate the greatest common divisor of 4725 and 1092.
21
What is the greatest common divisor of 225 and 410100?
75
What is the greatest common divisor of 426 and 884589?
213
What is the highest common factor of 918 and 29682?
306
What is the greatest common factor of 9944 and 308?
44
What is the highest common factor of 67991 and 553?
7
Calculate the greatest common divisor of 5561151 and 1101.
1101
What is the greatest common factor of 288 and 15507?
9
What is the highest common divisor of 60 and 2388690?
30
Calculate the highest common divisor of 45 and 232695.
45
Calculate the greatest common divisor of 454301 and 1341.
149
What is the highest common divisor of 388672 and 64?
64
Calculate the highest common factor of 5002 and 1312.
82
Calculate the highest common factor of 26579 and 21.
7
What is the greatest common factor of 7776 and 19098?
18
Calculate the greatest common divisor of 1928 and 100979.
241
What is the highest common divisor of 104764 and 44?
44
What is the highest common factor of 171 and 3039?
3
Calculate the highest common factor of 33600 and 31950.
150
What is the highest common divisor of 29335 and 20?
5
Calculate the highest common factor of 2880 and 159552.
576
What is the greatest common factor of 8 and 165128?
8
What is the greatest common factor of 20587 and 17?
17
What is the highest common divisor of 1550 and 21650?
50
Calculate the highest common divisor of 3192601 and 131.
131
Calculate the greatest common divisor of 420 and 98140.
140
What is the greatest common divisor of 62237 and 2615?
523
Calculate the greatest common divisor of 1921 and 8551.
17
Calculate the greatest common factor of 18135 and 6.
3
What is the greatest common f